ors of 2556501.
3, 852167
List the prime factors of 1417599.
3, 31, 5081
List the prime factors of 1548453.
3, 516151
List the prime factors of 413279.
29, 14251
What are the prime factors of 396521?
31, 12791
What are the prime factors of 352121?
7, 11, 17, 269
What are the prime factors of 4638?
2, 3, 773
What are the prime factors of 83638?
2, 19, 31, 71
What are the prime factors of 6911479?
233, 29663
What are the prime factors of 294613?
11, 26783
List the prime factors of 2157600.
2, 3, 5, 29, 31
What are the prime factors of 231384?
2, 3, 31, 311
What are the prime factors of 18708297?
3, 6236099
List the prime factors of 1425470.
2, 5, 142547
List the prime factors of 8964577.
8964577
List the prime factors of 167486.
2, 11, 23, 331
List the prime factors of 7062252.
2, 3, 588521
What are the prime factors of 276202?
2, 138101
List the prime factors of 1004761.
1004761
List the prime factors of 512824.
2, 13, 4931
What are the prime factors of 1802854?
2, 901427
List the prime factors of 245351.
107, 2293
What are the prime factors of 378299?
199, 1901
List the prime factors of 17105691.
3, 5701897
List the prime factors of 1810475.
5, 139, 521
List the prime factors of 24418221.
3, 8139407
List the prime factors of 641786.
2, 107, 2999
List the prime factors of 26672.
2, 1667
List the prime factors of 18245549.
7, 101, 131, 197
What are the prime factors of 7931699?
7931699
List the prime factors of 264525.
3, 5, 3527
List the prime factors of 673294.
2, 43, 7829
List the prime factors of 11631577.
41, 283697
List the prime factors of 358515.
3, 5, 31, 257
What are the prime factors of 1240018?
2, 13, 37, 1289
List the prime factors of 157588.
2, 39397
What are the prime factors of 897755?
5, 409, 439
What are the prime factors of 22161496?
2, 7, 395741
What are the prime factors of 5269345?
5, 683, 1543
What are the prime factors of 25382?
2, 7, 37
List the prime factors of 558783.
3, 47, 1321
List the prime factors of 561036.
2, 3, 7, 6679
What are the prime factors of 1127323?
1127323
What are the prime factors of 19325575?
5, 773023
List the prime factors of 2233393.
19, 41, 47, 61
What are the prime factors of 5738876?
2, 11, 13, 79, 127
List the prime factors of 4104941.
1217, 3373
List the prime factors of 14953541.
14953541
List the prime factors of 40482.
2, 3, 13, 173
List the prime factors of 210353.
11, 13, 1471
What are the prime factors of 450942?
2, 3, 17, 4421
What are the prime factors of 394474?
2, 59, 3343
What are the prime factors of 34552970?
2, 5, 683, 5059
What are the prime factors of 181367?
293, 619
List the prime factors of 1303033.
17, 76649
List the prime factors of 8471793.
3, 11, 256721
List the prime factors of 781572.
2, 3, 11, 31, 191
List the prime factors of 17807.
17807
List the prime factors of 79716.
2, 3, 7, 13, 73
List the prime factors of 12052024.
2, 89, 16927
List the prime factors of 201333.
3, 11, 6101
List the prime factors of 24238314.
2, 3, 137, 9829
What are the prime factors of 328777?
328777
What are the prime factors of 228974?
2, 114487
What are the prime factors of 4197750?
2, 3, 5, 29, 193
List the prime factors of 9958952.
2, 73, 17053
What are the prime factors of 1024416?
2, 3, 3557
List the prime factors of 27273758.
2, 127, 107377
What are the prime factors of 2003861?
2003861
List the prime factors of 4225535.
5, 47, 17981
List the prime factors of 76357.
29, 2633
What are the prime factors of 1488379?
1488379
What are the prime factors of 10106559?
3, 374317
What are the prime factors of 104510?
2, 5, 7, 1493
What are the prime factors of 784500?
2, 3, 5, 523
List the prime factors of 11138794.
2, 5569397
List the prime factors of 54004.
2, 23, 587
What are the prime factors of 296016?
2, 3, 7, 881
List the prime factors of 483931.
7, 257, 269
What are the prime factors of 11382764?
2, 67, 42473
What are the prime factors of 263909?
263909
What are the prime factors of 64441?
13, 4957
What are the prime factors of 905164?
2, 13, 103
List the prime factors of 5807400.
2, 3, 5, 9679
List the prime factors of 337948.
2, 13, 67, 97
List the prime factors of 17311496.
2, 53, 40829
List the prime factors of 251190.
2, 3, 5, 2791
What are the prime factors of 194960?
2, 5, 2437
List the prime factors of 2238918.
2, 3, 11, 33923
What are the prime factors of 30195643?
31, 974053
What are the prime factors of 1407413?
7, 17, 11827
List the prime factors of 311954.
2, 61, 2557
List the prime factors of 1516506.
2, 3, 197, 1283
List the prime factors of 155063.
29, 5347
List the prime factors of 40479.
3, 103, 131
What are the prime factors of 228657?
3, 11, 13, 41
What are the prime factors of 9313457?
271, 34367
List the prime factors of 206659.
47, 4397
List the prime factors of 2700826.
2, 229, 5897
What are the prime factors of 105717?
3, 131, 269
List the prime factors of 258425.
5, 10337
What are the prime factors of 5159444?
2, 53, 24337
What are the prime factors of 666783?
3, 13, 41, 139
What are the prime factors of 18920885?
5, 41, 92297
List the prime factors of 247481.
13, 19037
What are the prime factors of 1240304?
2, 13, 67, 89
What are the prime factors of 9154569?
3, 97, 163, 193
List the prime factors of 238401.
3, 26489
What are the prime factors of 14679506?
2, 7339753
List the prime factors of 437784.
2, 3, 17, 29, 37
List the prime factors of 1631704.
2, 59, 3457
What are the prime factors of 1687274?
2, 37, 151
List the prime factors of 11784.
2, 3, 491
List the prime factors of 2317365.
3, 5, 23, 2239
List the prime factors of 1214335.
5, 242867
What are the prime factors of 195178?
2, 23, 4243
List the prime factors of 468094.
2, 11, 21277
List the prime factors of 69843.
3, 31, 751
List the prime factors of 915132.
2, 3, 76261
List the prime factors of 13155617.
659, 19963
List the prime factors of 37237.
23, 1619
What are the prime factors of 1384791?
3, 79, 5843
What are the prime factors of 559448?
2, 69931
What are the prime factors of 2907517?
73, 39829
What are the prime factors of 966883?
966883
What are the prime factors of 67852?
2, 16963
What are the prime factors of 100356?
2, 3, 8363
What are the prime factors of 19336493?
11, 1757863
What are the prime factors of 5145304?
2, 379, 1697
List the prime factors of 5306107.
83, 63929
List the prime factors of 20490.
2, 3, 5, 683
What are the prime factors of 1732644?
2, 3, 61, 263
What are the prime factors of 1196599?
313, 3823
What are the prime factors of 417328?
2, 26083
List the prime factors of 7869393.
3, 7, 13879
List the prime factors of 10263225.
3, 5, 7, 113, 173
List the prime factors of 110610.
2, 3, 5, 1229
What are the prime factors of 26264?
2, 7, 67
List the prime factors of 4464446.
2, 7, 318889
What are the prime factors of 1214806?
2, 173, 3511
List the prime factors of 388415.
5, 131, 593
List the prime factors of 1177797.
3, 392599
What are the prime factors of 148359?
3, 17, 2909
List the prime factors of 408161.
13, 31397
List the prime factors of 254681.
7, 36383
List the prime factors of 4773088.
2, 149159
What are the prime factors of 23878648?
2, 2984831
List the prime factors of 1091800.
2, 5, 53, 103
List the prime factors of 112684.
2, 11, 13, 197
What are the prime factors of 3433007?
3433007
List the prime factors of 15356700.
2, 3, 5, 113, 151
List the prime factors of 70674.
2, 3, 11779
What are the prime factors of 273888?
2, 3, 317
List the prime factors of 1349706.
2, 3, 224951
What are the prime factors of 1087949?
17, 63997
List the prime factors of 1569863.
503, 3121
List the prime factors of 2922810.
2, 3, 5, 11, 17, 521
What are the prime factors of 3540871?
29, 122099
What are the prime factors of 4898800?
2, 5, 37, 331
What are the prime factors of 9854926?
2, 53, 239, 389
What are the prime factors of 4382088?
2, 3, 182587
What are the prime factors of 18781436?
2, 4695359
List the prime factors of 295930.
2, 5, 101, 293
What are the prime factors of 222347?
222347
List the prime factors of 2026845.
3, 5, 73, 617
List the prime factors of 3465571.
23, 89, 1693
What are the prime factors of 3161586?
2, 3, 526931
What are the prime factors of 6299711?
11, 269, 2129
What are the prime factors of 1469406?
2, 3, 244901
What are the prime factors of 26